
8
What is the remainder when 88524 is divided by 21?
9
What is the remainder when 3078177 is divided by 210?
207
What is the remainder when 32031 is divided by 302?
19
Calculate the remainder when 4617 is divided by 22.
19
Calculate the remainder when 4829 is divided by 850.
579
What is the remainder when 57793 is divided by 2222?
21
Calculate the remainder when 14646 is divided by 99.
93
Calculate the remainder when 4229 is divided by 535.
484
What is the remainder when 175936 is divided by 497?
495
What is the remainder when 19142 is divided by 3803?
127
Calculate the remainder when 8599 is divided by 476.
31
What is the remainder when 7871 is divided by 1818?
599
Calculate the remainder when 10847 is divided by 980.
67
Calculate the remainder when 41006 is divided by 13661.
23
What is the remainder when 178404 is divided by 28?
16
Calculate the remainder when 3277 is divided by 37.
21
Calculate the remainder when 5886346 is divided by 778.
776
Calculate the remainder when 238184 is divided by 67.
66
What is the remainder when 38246 is divided by 215?
191
What is the remainder when 87166 is divided by 43475?
216
What is the remainder when 3368 is divided by 31?
20
Calculate the remainder when 2202 is divided by 1033.
136
What is the remainder when 2847 is divided by 2647?
200
Calculate the remainder when 34996 is divided by 74.
68
Calculate the remainder when 7431149 is divided by 75.
74
What is the remainder when 24245 is divided by 1054?
3
Calculate the remainder when 798421 is divided by 1169.
1163
What is the remainder when 14246 is divided by 446?
420
Calculate the remainder when 13043 is divided by 19.
9
What is the remainder when 371642 is divided by 3996?
14
What is the remainder when 5613 is divided by 32?
13
What is the remainder when 4250 is divided by 1694?
862
Calculate the remainder when 7307 is divided by 199.
143
Calculate the remainder when 274242 is divided by 48.
18
What is the remainder when 202787 is divided by 112?
67
Calculate the remainder when 10057 is divided by 41.
12
Calculate the remainder when 3817 is divided by 19.
17
What is the remainder when 28380 is divided by 334?
324
Calculate the remainder when 1324 is divided by 16.
12
What is the remainder when 801751 is divided by 32070?
1
Calculate the remainder when 4673 is divided by 360.
353
Calculate the remainder when 6191 is divided by 129.
128
What is the remainder when 11631 is divided by 389?
350
Calculate the remainder when 40304 is divided by 30.
14
What is the remainder when 133339 is divided by 236?
235
What is the remainder when 55558 is divided by 98?
90
Calculate the remainder when 32010 is divided by 380.
90
Calculate the remainder when 2703 is divided by 2258.
445
What is the remainder when 169773 is divided by 75?
48
What is the remainder when 376317 is divided by 98?
95
What is the remainder when 1906 is divided by 29?
21
Calculate the remainder when 370 is divided by 325.
45
What is the remainder when 1296 is divided by 182?
22
Calculate the remainder when 48945 is divided by 978.
45
What is the remainder when 12321 is divided by 44?
1
Calculate the remainder when 6665 is divided by 2217.
14
Calculate the remainder when 516539 is divided by 36.
11
Calculate the remainder when 152703 is divided by 50899.
6
What is the remainder when 21935 is divided by 8?
7
What is the remainder when 33052 is divided by 18?
4
What is the remainder when 4951 is divided by 1236?
7
What is the remainder when 111501 is divided by 394?
393
Calculate the remainder when 587 is divided by 15.
2
What is the remainder when 173619 is divided by 56?
19
Calculate the remainder when 10036 is divided by 4846.
344
Calculate the remainder when 12321 is divided by 88.
1
What is the remainder when 2196 is divided by 730?
6
What is the remainder when 5167 is divided by 31?
21
What is the remainder when 2649 is divided by 264?
9
Calculate the remainder when 113049 is divided by 170.
169
What is the remainder when 5357 is divided by 892?
5
Calculate the remainder when 1802190 is divided by 1221.
1215
Calculate the remainder when 1515 is divided by 160.
75
What is the remainder when 7676 is divided by 515?
466
Calculate the remainder when 12406 is divided by 443.
2
What is the remainder when 1690876 is divided by 951?
949
Calculate the remainder when 20717 is divided by 6884.
65
Calculate the remainder when 32700 is divided by 1256.
44
What is the remainder when 5329 is divided by 171?
28
What is the remainder when 18361 is divided by 80?
41
What is the remainder when 11949 is divided by 53?
24
Calculate the remainder when 2977 is divided by 24.
1
Calculate the remainder when 25300 is divided by 218.
12
Calculate the remainder when 286573 is divided by 43.
21
What is the remainder when 6507 is divided by 372?
183
What is the remainder when 808244 is divided by 8?
4
Calculate the remainder when 4495 is divided by 4475.
20
Calculate the remainder when 327245 is divided by 113.
110
Calculate the remainder when 48967 is divided by 166.
163
Calculate the remainder when 34931 is divided by 53.
4
Calculate the remainder when 5884 is divided by 281.
264
What is the remainder when 57262 is divided by 1849?
1792
What is the remainder when 330774 is divided by 10336?
22
What is the remainder when 17605 is divided by 5841?
82
Calculate the remainder when 4543 is divided by 2268.
7
What is the remainder when 3223 is divided by 930?
433
What is the remainder when 1917 is divided by 1660?
257
What is the remainder when 248118 is divided by 57?
54
Calculate the remainder when 44320 is divided by 148.
68
Calculate the remainder when 21745 is divided by 1208.
1
What is the remainder when 45146 is divided by 303?
302
Calculate the remainder when 8093 is divided by 3624.
845
What is the remainder when 4026 is divided by 36?
30
Calculate the remainder when 128333 is divided by 438.
437
Calculate the remainder when 7086 is divided by 2357.
15
What is the remainder when 730796 is divided by 997?
992
Calculate the remainder when 1328038 is divided by 310.
308
Calculate the remainder when 314363 is divided by 2295.
2243
Calculate the remainder when 5765 is divided by 139.
66
What is the remainder when 64696 is divided by 16173?
4
What is the remainder when 5032 is divided by 2516?
0
Calculate the remainder when 5577 is divided by 17.
1
Calculate the remainder when 4308 is divided by 35.
3
Calculate the remainder when 1864 is divided by 321.
259
What is the remainder when 11884183 is divided by 12?
7
Calculate the remainder when 7082 is divided by 44.
42
Calculate the remainder when 29001 is divided by 212.
169
What is the remainder when 4377364 is divided by 131?
130
What is the remainder when 44502 is divided by 5562?
6
Calculate the remainder when 16944 is divided by 1293.
135
Calculate the remainder when 8105 is divided by 8015.
90
Calculate the remainder when 6544 is divided by 5927.
617
What is the remainder when 63229 is divided by 286?
23
Calculate the remainder when 5128 is divided by 245.
228
What is the remainder when 4581 is divided by 12?
9
What is the remainder when 42855 is divided by 679?
78
What is the remainder when 17096 is divided by 1842?
518
Calculate the remainder when 198121 is divided by 109.
68
Calculate the remainder when 118839 is divided by 4244.
7
Calculate the remainder when 1613 is divided by 391.
49
What is the remainder when 37803 is divided by 37792?
11
What is the remainder when 919587 is divided by 21?
18
What is the remainder when 36314 is divided by 23?
20
What is the remainder when 251828 is divided by 32?
20
What is the remainder when 5103 is divided by 12?
3
Calculate the remainder when 14651 is divided by 81.
71
Calculate the remainder when 53252 is divided by 198.
188
What is the remainder when 30366 is divided by 104?
102
Calculate the remainder when 6794 is divided by 2223.
125
Calculate the remainder when 23539 is divided by 33.
10
Calculate the remainder when 25352 is divided by 33.
8
Calculate the remainder when 2906 is divided by 1336.
234
Calculate the remainder when 52849 is divided by 51.
13
Calculate the remainder when 3585599 is divided by 288.
287
Calculate the remainder when 42542 is divided by 107.
63
What is the remainder when 3017 is divided by 78